{"id":53,"date":"2019-03-30T14:51:32","date_gmt":"2019-03-30T13:51:32","guid":{"rendered":"https:\/\/psicotecnicosmanzanares.com\/?page_id=53"},"modified":"2021-04-26T12:33:54","modified_gmt":"2021-04-26T10:33:54","slug":"otros-servicios","status":"publish","type":"page","link":"https:\/\/psicotecnicosmanzanares.com\/index.php\/servicios\/otros-servicios\/","title":{"rendered":"Otros Servicios"},"content":{"rendered":"<p style=\"text-align: center;\">\r\n\t<div class=\"slideshow_container slideshow_container_style-light\" style=\"height: 250px; \" data-slideshow-id=\"21\" data-style-name=\"style-light\" data-style-version=\"2.3.1\" >\r\n\r\n\t\t\r\n\t\t<div class=\"slideshow_content\" style=\"display: none;\">\r\n\r\n\t\t\t<div class=\"slideshow_view\">\r\n\t\t\t\t<div class=\"slideshow_slide slideshow_slide_image\">\r\n\t\t\t\t\t\t\t\t\t\t\t<img src=\"https:\/\/psicotecnicosmanzanares.com\/wp-content\/uploads\/2021\/04\/Certificados-PsicoManzanares.jpg\" alt=\"Certificados-PsicoManzanares\" width=\"900\" height=\"363\" \/>\r\n\t\t\t\t\t\t\t\t\t\t<div class=\"slideshow_description_box slideshow_transparent\">\r\n\t\t\t\t\t\t<div class=\"slideshow_title\">Certificados-PsicoManzanares<\/div>\t\t\t\t\t\t\t\t\t\t\t<\/div>\r\n\t\t\t\t<\/div>\r\n\r\n\t\t\t\t\t\t<div style=\"clear: both;\"><\/div><\/div><div class=\"slideshow_view\">\r\n\t\t\t\t<div class=\"slideshow_slide slideshow_slide_image\">\r\n\t\t\t\t\t\t\t\t\t\t\t<img src=\"https:\/\/psicotecnicosmanzanares.com\/wp-content\/uploads\/2019\/03\/servicio-a-conductores.jpg\" alt=\"servicio a conductores\" width=\"900\" height=\"363\" \/>\r\n\t\t\t\t\t\t\t\t\t\t<div class=\"slideshow_description_box slideshow_transparent\">\r\n\t\t\t\t\t\t<div class=\"slideshow_title\">servicio a conductores<\/div>\t\t\t\t\t\t\t\t\t\t\t<\/div>\r\n\t\t\t\t<\/div>\r\n\r\n\t\t\t\t\t\t<div style=\"clear: both;\"><\/div><\/div><div class=\"slideshow_view\">\r\n\t\t\t\t<div class=\"slideshow_slide slideshow_slide_image\">\r\n\t\t\t\t\t\t\t\t\t\t\t<img src=\"https:\/\/psicotecnicosmanzanares.com\/wp-content\/uploads\/2019\/03\/cazadores.jpg\" alt=\"cazadores\" width=\"900\" height=\"363\" \/>\r\n\t\t\t\t\t\t\t\t\t\t<div class=\"slideshow_description_box slideshow_transparent\">\r\n\t\t\t\t\t\t<div class=\"slideshow_title\">cazadores<\/div>\t\t\t\t\t\t\t\t\t\t\t<\/div>\r\n\t\t\t\t<\/div>\r\n\r\n\t\t\t\t\t\t<div style=\"clear: both;\"><\/div><\/div><div class=\"slideshow_view\">\r\n\t\t\t\t<div class=\"slideshow_slide slideshow_slide_image\">\r\n\t\t\t\t\t\t\t\t\t\t\t<img src=\"https:\/\/psicotecnicosmanzanares.com\/wp-content\/uploads\/2019\/03\/animales-peligrosos.jpg\" alt=\"animales peligrosos\" width=\"900\" height=\"363\" \/>\r\n\t\t\t\t\t\t\t\t\t\t<div class=\"slideshow_description_box slideshow_transparent\">\r\n\t\t\t\t\t\t<div class=\"slideshow_title\">animales peligrosos<\/div>\t\t\t\t\t\t\t\t\t\t\t<\/div>\r\n\t\t\t\t<\/div>\r\n\r\n\t\t\t\t\t\t<div style=\"clear: both;\"><\/div><\/div><div class=\"slideshow_view\">\r\n\t\t\t\t<div class=\"slideshow_slide slideshow_slide_image\">\r\n\t\t\t\t\t\t\t\t\t\t\t<img src=\"https:\/\/psicotecnicosmanzanares.com\/wp-content\/uploads\/2019\/03\/vigilante-de-seguridad.jpg\" alt=\"vigilante de seguridad\" width=\"900\" height=\"363\" \/>\r\n\t\t\t\t\t\t\t\t\t\t<div class=\"slideshow_description_box slideshow_transparent\">\r\n\t\t\t\t\t\t<div class=\"slideshow_title\">vigilante de seguridad<\/div>\t\t\t\t\t\t\t\t\t\t\t<\/div>\r\n\t\t\t\t<\/div>\r\n\r\n\t\t\t\t\t\t<div style=\"clear: both;\"><\/div><\/div><div class=\"slideshow_view\">\r\n\t\t\t\t<div class=\"slideshow_slide slideshow_slide_image\">\r\n\t\t\t\t\t\t\t\t\t\t\t<img src=\"https:\/\/psicotecnicosmanzanares.com\/wp-content\/uploads\/2019\/03\/grua.jpg\" alt=\"grua\" width=\"900\" height=\"363\" \/>\r\n\t\t\t\t\t\t\t\t\t\t<div class=\"slideshow_description_box slideshow_transparent\">\r\n\t\t\t\t\t\t<div class=\"slideshow_title\">grua<\/div>\t\t\t\t\t\t\t\t\t\t\t<\/div>\r\n\t\t\t\t<\/div>\r\n\r\n\t\t\t\t\t\t<div style=\"clear: both;\"><\/div><\/div>\r\n\t\t<\/div>\r\n\r\n\t\t<div class=\"slideshow_controlPanel slideshow_transparent\" style=\"display: none;\"><ul><li class=\"slideshow_togglePlay\" data-play-text=\"Play\" data-pause-text=\"Pause\"><\/li><\/ul><\/div>\r\n\r\n\t\t<div class=\"slideshow_button slideshow_previous slideshow_transparent\" role=\"button\" data-previous-text=\"Previous\" style=\"display: none;\"><\/div>\r\n\t\t<div class=\"slideshow_button slideshow_next slideshow_transparent\" role=\"button\" data-next-text=\"Next\" style=\"display: none;\"><\/div>\r\n\r\n\t\t<div class=\"slideshow_pagination\" style=\"display: none;\" data-go-to-text=\"Go to slide\"><div class=\"slideshow_pagination_center\"><\/div><\/div>\r\n\r\n\t\t<!-- WordPress Slideshow Version 2.3.1 -->\r\n\r\n\t\t\t<\/div>\r\n\r\n<\/p>\n<h4 style=\"text-align: center;\"><span style=\"color: #0088cc;\"><strong>Psicot\u00e9cnicos Manzanares<\/strong><\/span>,\u00a0<strong>Centro Oficial de Reconocimiento M\u00e9dico de Conductores y Cazadores<br \/>\n<\/strong><strong>Autorizado por la Direcci\u00f3n General de Tr\u00e1fico (N\u00ba CR-0049)<\/strong><\/h4>\n<p>.<\/p>\n<h5 style=\"text-align: justify;\"><span style=\"text-decoration: underline;\"><strong><span style=\"color: #0088cc; text-decoration: underline;\">Licencia de Tenencia de Animales Potencialmente Peligrosos<\/span><\/strong><\/span><\/h5>\n<p style=\"text-align: justify;\">En\u00a0<strong><span style=\"color: #0088cc;\">Psicot\u00e9cnicos Manzanares<\/span><\/strong>\u00a0podr\u00e1\u00a0<strong>obtener o renovar<\/strong>\u00a0su<strong>\u00a0licencia de tenencia de animales potencialmente peligrosos<\/strong>, para lo cual le realizaremos una exploraci\u00f3n m\u00e9dica general, una exploraci\u00f3n oftalmol\u00f3gica general y una exploraci\u00f3n psicol\u00f3gica, requisitos todos ellos regulados por la normativa vigente. Para su\u00a0<strong>obtenci\u00f3n o renovaci\u00f3n<\/strong>\u00a0solamente tendr\u00e1 que presentar su\u00a0<strong>DNI o Tarjeta de Residencia en vigor<\/strong>\u00a0y el\u00a0<strong>Permiso de Tenencia de Animales Peligrosos<\/strong>, en caso de su renovaci\u00f3n.<\/p>\n<h5 style=\"text-align: justify;\"><span style=\"text-decoration: underline;\"><strong><span style=\"color: #0088cc; text-decoration: underline;\">Certificados para Seguridad Privada<\/span><\/strong><\/span><\/h5>\n<p style=\"text-align: justify;\">Seg\u00fan la normativa vigente, toda persona que deseen prestar servicios de\u00a0<strong>seguridad privada<\/strong>, como\u00a0<strong>vigilantes de seguridad<\/strong>\u00a0o como\u00a0<strong>guardas particulares del campo<\/strong>, necesitar\u00e1 obtener la habilitaci\u00f3n necesaria para prestar dichos servicios. En <strong><span style=\"color: #0088cc;\">Psicot\u00e9cnicos Manzanares<\/span><\/strong>, previas pruebas de aptitud psicof\u00edsica, podr\u00e1<strong>\u00a0obtener<\/strong>\u00a0el informe de\u00a0<strong>aptitud ps\u00edquica necesario para prestar dichos servicios de seguridad privada<\/strong>.<\/p>\n<p style=\"text-align: justify;\">La documentaci\u00f3n necesaria que deber\u00e1 aportar ser\u00e1 su<strong>\u00a0DNI o Tarjeta de Residencia en vigor<\/strong>\u00a0y el<strong>\u00a0Permiso de Prestaci\u00f3n de Servicios de Seguridad Privada<\/strong>, en caso de renovaci\u00f3n.<\/p>\n<h5 style=\"text-align: justify;\"><strong><span style=\"text-decoration: underline; color: #0088cc;\">Permiso de Operador de Gr\u00faa Torre<\/span><\/strong><\/h5>\n<p style=\"text-align: justify;\"><strong><span style=\"color: #0088cc;\">Psicot\u00e9cnicos Manzanares<\/span><\/strong>, le realizar\u00e1 el reconocimiento m\u00e9dico necesario para <strong>obtener o renovar<\/strong>\u00a0su\u00a0<strong>permiso de operador de gr\u00faa torre<\/strong>. Para ello, ser\u00e1 necesario solamente su\u00a0<strong>DNI o Tarjeta de Residencia en vigor<\/strong>\u00a0y el\u00a0<strong>Permiso de Operador de Gr\u00faa Torre<\/strong>, en caso de renovaci\u00f3n.<\/p>\n","protected":false},"excerpt":{"rendered":"<p>Psicot\u00e9cnicos Manzanares,\u00a0Centro Oficial de Reconocimiento M\u00e9dico de Conductores y Cazadores Autorizado por la Direcci\u00f3n General de Tr\u00e1fico (N\u00ba CR-0049) . Licencia de Tenencia de Animales Potencialmente Peligrosos En\u00a0Psicot\u00e9cnicos Manzanares\u00a0podr\u00e1\u00a0obtener o <a class=\"more-link\" href=\"https:\/\/psicotecnicosmanzanares.com\/index.php\/servicios\/otros-servicios\/\">Continuar Leyendo \u2192<\/a><\/p>\n","protected":false},"author":2,"featured_media":0,"parent":20,"menu_order":3,"comment_status":"closed","ping_status":"closed","template":"","meta":{"spay_email":""},"jetpack_sharing_enabled":true,"jetpack_shortlink":"https:\/\/wp.me\/PaR2RI-R","_links":{"self":[{"href":"https:\/\/psicotecnicosmanzanares.com\/index.php\/wp-json\/wp\/v2\/pages\/53"}],"collection":[{"href":"https:\/\/psicotecnicosmanzanares.com\/index.php\/wp-json\/wp\/v2\/pages"}],"about":[{"href":"https:\/\/psicotecnicosmanzanares.com\/index.php\/wp-json\/wp\/v2\/types\/page"}],"author":[{"embeddable":true,"href":"https:\/\/psicotecnicosmanzanares.com\/index.php\/wp-json\/wp\/v2\/users\/2"}],"replies":[{"embeddable":true,"href":"https:\/\/psicotecnicosmanzanares.com\/index.php\/wp-json\/wp\/v2\/comments?post=53"}],"version-history":[{"count":8,"href":"https:\/\/psicotecnicosmanzanares.com\/index.php\/wp-json\/wp\/v2\/pages\/53\/revisions"}],"predecessor-version":[{"id":189,"href":"https:\/\/psicotecnicosmanzanares.com\/index.php\/wp-json\/wp\/v2\/pages\/53\/revisions\/189"}],"up":[{"embeddable":true,"href":"https:\/\/psicotecnicosmanzanares.com\/index.php\/wp-json\/wp\/v2\/pages\/20"}],"wp:attachment":[{"href":"https:\/\/psicotecnicosmanzanares.com\/index.php\/wp-json\/wp\/v2\/media?parent=53"}],"curies":[{"name":"wp","href":"https:\/\/api.w.org\/{rel}","templated":true}]}}